))/(-14))?
6
Let i(r) = r**3 + 8*r**2 + 5*r - 6. Let m be i(-7). Suppose -15 = 5*y - m*y. Suppose -3*d + 46 = -t + 2*t, 0 = 2*d - y*t - 59. What is the units digit of d?
7
What is the tens digit of (-9196)/(-6) - (-9 + (-208)/(-24))?
3
Let t(g) = 4*g**2 - 2*g. Let w be t(2). Suppose 97 = 13*i - w*i. What is the tens digit of i?
9
Suppose 0 = 24*r - r - 322. Let w = 4 + -17. Let s = r + w. What is the units digit of s?
1
Let b = 4 + 0. Suppose 2*p + p - 5*f - 1 = 0, -b*p + 5*f + 3 = 0. Suppose 4*y = 5*g - 158, y + 0 = -p. What is the units digit of g?
0
Let p = 601 - -80. What is the units digit of p?
1
Let x(s) = 14*s - 171. What is the units digit of x(24)?
5
Suppose 2*t = -3*t + 5. Suppose -5 = -2*v + t. Suppose -2*f = v*f - 60. What is the tens digit of f?
1
Suppose 32*q - 79097 - 2855 = 0. What is the hundreds digit of q?
5
Let q(x) = x**2 + 3*x - 1. Let i be q(-4). Suppose 52 = -i*o + 4*o + 5*s, 4*o = s + 103. What is the tens digit of o?
2
Suppose -2*h = -9 - 1, -3*j + 5*h - 28 = 0. What is the tens digit of -75*(-2 - j) + (6 - 9)?
7
Let y(o) be the first derivative of -o**4/4 + o**3/3 + o**2/2 - 2*o + 7. Suppose -2*s - 4 = -0. What is the units digit of y(s)?
8
Let s be (-25)/(0 + 1/2). What is the tens digit of (60/50)/((-6)/s)?
1
Let l(h) = -h. Let n be l(-2). Suppose n*s - 5 = 3*s. What is the units digit of 0 - (8 - 2)*s?
0
Let w(t) = 23*t**2 + 0*t - 7*t + 6*t. What is the tens digit of w(-2)?
9
Let q(t) = 82*t**3 + t - 2. Let n be q(1). Suppose -186 = -3*i + n. What is the tens digit of i?
8
Let o = 2187 - 1017. What is the tens digit of o?
7
Let m = -134 + -77. Let x be 5/(-15) - m/3. Suppose -x - 25 = -5*f. What is the units digit of f?
9
Suppose 10088 = 14*z - 8532. What is the tens digit of z?
3
Suppose 4*t - 4*g + 9 = -3, -2*t + g - 6 = 0. Suppose 4*s - 46 = -2*a, 3 = s - 1. Let p = a + t. What is the tens digit of p?
1
Suppose -b + 222 = 5*z, 0 = 4*z + z - 5*b - 240. Suppose 0 = -h + z - 3. What is the tens digit of h?
4
Let w(j) = j**2 + 2*j - 7. Let u be w(-7). Suppose -22 - u = -5*k. Suppose m - k - 8 = 0. What is the tens digit of m?
1
Let n = -2 + 6. Suppose x - 103 = -3*z - 2*z, -z + 29 = -n*x. What is the units digit of z?
1
Suppose 3*t = -6*s + 4*s + 3513, 3*t = 2*s - 3519. What is the units digit of s?
8
Let r = -394 + 227. Let d = r + 216. What is the tens digit of d?
4
Let k(c) = 2*c**2 + 64*c + 72. What is the units digit of k(-35)?
2
Suppose 5*h + p - 2813 + 209 = 0, -3*h + 1540 = -5*p. What is the units digit of h?
0
Let c(n) = n - 3. Let v be c(3). Suppose 0 = -h + 19 - v. Let a = h + 0. What is the tens digit of a?
1
Let p(b) = -12*b + 290. What is the tens digit of p(-24)?
7
Let p be 152/(-10) + 8/40. Let z = 18 + p. Suppose 5*w - 34 = -x, -5*x - 33 = -w - z*w. What is the units digit of w?
7
Suppose f = -i + 2*f - 52, -2*i + 5*f - 113 = 0. Let q = i + 102. What is the units digit of q?
3
Let u = 384 - 161. What is the hundreds digit of u?
2
Suppose -2*v = v + 3*y - 168, -4*y = 2*v - 122. Let l = -38 + v. What is the units digit of l?
3
Let h(x) be the second derivative of x**5/20 - 7*x**4/6 + 7*x**3/3 - x**2 - 50*x + 1. What is the tens digit of h(14)?
9
Suppose -3*n + 622 = f, 232 = f - n - 390. What is the hundreds digit of f?
6
Let p be (-2)/(12/9)*-22. Suppose 5*q - 67 - p = 0. What is the units digit of q?
0
Suppose 3*k - 249 = -3*m, 2*m - 3*m + 91 = -k. Let l = m + -11. What is the units digit of l?
6
Suppose c + 5*t - 5 = 8, c + 7 = 5*t. Suppose -108 = -4*l + c*l. What is the tens digit of l?
0
Let k = 1526 - -2189. What is the thousands digit of k?
3
Suppose 0 = -4*x + 3*n + 2139, 5*x + n - 1577 - 1073 = 0. What is the units digit of x?
1
Let p = 18 + -8. Let s be (p/(-15))/((-1)/(-3)). What is the tens digit of s + (-12)/(-3) + 56?
5
Let b = -465 + 1780. What is the thousands digit of b?
1
Let n be 1/(-4) - 429/44. Let p = 15 + n. Suppose -r = -p*r + 144. What is the units digit of r?
6
Suppose -o - 38 = 3*o - 2*i, -2*o = -3*i + 17. Suppose 0 = -82*h + 68*h - 14. What is the units digit of h/(1/3)*o?
0
Let v be (-7)/((-7)/(-2))*2. Let w = v + 10. Suppose x + 90 = w*x. What is the tens digit of x?
1
Suppose -4*o - 52 = 5*g - 659, 2*o = 2*g + 290. Let a(d) = d**3 - 25*d**2 + 50*d + 11. Let w be a(23). Let r = o - w. What is the units digit of r?
5
Let u be 93 - -5 - (2 + (1 - -1)). Let p = u + -90. What is the units digit of p?
4
Let l be 10*-6*(-1)/12. Suppose 4*w - l*y = 79, 3*y = 3*w + 5*y - 42. What is the tens digit of w?
1
Suppose -18*q + 24 = 204. Let w(b) = b**2 + 11*b - b**2 + 16 + b**2. What is the units digit of w(q)?
6
Let s(h) be the third derivative of -1/6*h**3 + 0*h + 0 + 1/8*h**4 - 1/120*h**6 + 8*h**2 + 1/60*h**5. What is the tens digit of s(-3)?
2
Let c = 4953 - 2897. What is the hundreds digit of c?
0
Let a(y) = 359*y**3 + 3*y**2 - 2*y - 1. What is the units digit of a(1)?
9
Let l = -765 + 1310. Suppose -l = -4*v + 5*n - 2*n, -3*v + 396 = 2*n. What is the tens digit of v?
3
Let g be (2*1)/((-32)/(-48)). Suppose g*y - 120 = 39. What is the tens digit of y?
5
Let z(y) = -y**3 + y**2 + y + 131. What is the tens digit of z(0)?
3
What is the hundreds digit of (-2127 - -9)/(2*(-1 - 0))?
0
Let x(b) = b**2 + b - 2. Let q = 16 - 12. Suppose -2*j + 4 + q = 0. What is the units digit of x(j)?
8
Suppose 10 = -4*p - 38. Let h = p + 48. What is the tens digit of h?
3
Suppose 5*l = -0*z + 2*z - 6552, l = 5*z - 1292. What is the units digit of 2/20*4 - l/20?
6
Suppose -14*n - 19404 = -101038. What is the units digit of n?
1
Let j(o) = o**3 + 10*o**2 + 4*o - 12. Suppose 68 = 9*b - 5*b. Let w = b - 26. What is the tens digit of j(w)?
3
Let j(n) = n**2 + 4*n + 7. Let c be j(-11). Let w = c + -58. What is the tens digit of w?
2
Let n(m) = m**2 - 9*m - 76. What is the tens digit of n(-20)?
0
Let r be 28/(-1) - (-17 - -16). Let z = r + 33. What is the units digit of z?
6
Let a = 615 + -108. What is the tens digit of a?
0
Suppose 26 = 4*x + 3*p, 5*x = -p + 32 - 5. Suppose 785 = -x*s + 2280. What is the units digit of s?
9
Suppose 5*h - m = 4405, -38*h = -41*h + 5*m + 2643. What is the hundreds digit of h?
8
Suppose l + 2 - 4 = 0. Suppose -r + l = -1. Suppose -3*i + r*o = -45 - 24, -i = o - 21. What is the tens digit of i?
2
Let x be 8/14 + (-95)/7. Let k(j) = -j**3 - 13*j**2 - 6*j - 19. What is the tens digit of k(x)?
5
Suppose 11*j = -2*j - 780. Let i = 86 + j. What is the units digit of i?
6
Let r(w) = 8*w**3 + 22*w**2 - 9*w - 89. Let c(o) = 3*o**3 + 7*o**2 - 3*o - 30. Let d(j) = -11*c(j) + 4*r(j). What is the tens digit of d(9)?
0
Let y be (9 + 186/(-24))/(2/(-72)). Suppose -2*c - 2*s - 28 = -0*c, -2*c = 5*s + 40. Let b = c - y. What is the tens digit of b?
3
Let s = 6913 - 4562. What is the units digit of s?
1
Let z = 0 - -2. Let j be z + -4 + 1 + -1. What is the units digit of ((-30)/(-12))/((-1)/j)?
5
Let p be (6/(-10))/((-130)/25 - -5). Suppose -4*y - h = -393, 0 = -p*y + 3*h - 89 + 365. What is the tens digit of y?
9
Suppose -2*b + 4 = 14, f + 2*b = 250. What is the hundreds digit of f?
2
Let a(o) = -o**3 - 11*o**2 + 2*o + 26. Let w be a(-11). Suppose 0 = w*m + 3*x - 676, m - 169 = -x - 0*x. What is the tens digit of m?
6
Let o(z) = -z**2 - 8*z - 6. Let r be o(-7). Let h be (r - (-12)/(-8))*0. Let s = 26 - h. What is the units digit of s?
6
Let f(r) = -r + 14. Let h = -9 - -17. Let z be f(h). What is the tens digit of (8/z)/(1/51)?
6
Let l(o) = 2*o**2 - 24*o - 22. Let h be l(13). Let w(z) = z + 17. What is the units digit of w(h)?
1
Let m = -795 + 1057. What is the tens digit of m?
6
Let l = 8674 + -5677. What is the hundreds digit of l?
9
Suppose 3*b - 72 = 24. Suppose -440 = -5*p - 425. Suppose -7 = -p*l + b. What is the tens digit of l?
1
Let m = 952 + 1218. What is the tens digit of m?
7
Let t be -2 + 2 + 14 + 0. Suppose 2*z = -1 + 9. Suppose -2 = z*q + 2*b - 70, -q - 2*b = -t. What is the units digit of q?
8
Let y be ((-4)/10)/(1/(-70)). Let p(m) = -m - 22. Let g be p(-15). Let q = g + y. What is the tens digit of q?
2
Let d(o) be the second derivative of 5*o**4/4 + o**3/3 + o**2 - 7*o. Let p = 13 - 14. What is the tens digit of d(p)?
1
Suppose -6*v = -10*v. Suppose 2*t - 4*t + 130 = v. What is the units digit of t?
5
Suppose 0 = 5*g + 2*w - 301, w + 115 = 4*g - 2*g. Suppose -13 = 2*m - 